hat is p(22)?
-44
Let f(n) = 4*n**3 - 9*n**2 - 11*n + 10. Determine f(3).
4
Let u(h) = 19*h**2 - 1494*h + 3934. Determine u(76).
134
Let h(s) = -s**2 + 110*s + 171668. Calculate h(-363).
-31
Let f(b) = 1882*b - 124192. Give f(66).
20
Let a(p) = -p**2 + 146*p + 28590. Give a(-113).
-677
Let x(s) = 3665*s + 3129913. Give x(-854).
3
Let t(p) = p**2 + 5278*p - 250217. Determine t(47).
58
Let k(x) = x**3 + 13*x**2 + 262*x + 451. Give k(-2).
-29
Let r(j) = 168*j**2 + 1698*j + 175. What is r(-10)?
-5
Let z(p) = -3*p**3 - p**2 + 6*p + 133. What is z(0)?
133
Let d(o) = 108286*o - 11803159. Give d(109).
15
Let b(s) = -82*s**3 + 38*s**2 - 34*s + 1. Give b(1).
-77
Let r(h) = -71*h**2 + 1062*h + 72. Determine r(15).
27
Let x(f) = -11331*f + 272007. Determine x(24).
63
Let g(k) = -130*k**2 - 909*k - 28. What is g(-7)?
-35
Let p(f) = 2*f**3 - 17*f**2 - 35*f - 247. Determine p(-7).
-1521
Let y(c) = -88*c - 4712. Calculate y(-56).
216
Let j(t) = -t**3 - 126*t**2 + 444*t - 171. Determine j(3).
0
Let z(s) = -206955*s + 7450373. Give z(36).
-7
Let x(c) = 863*c + 10296. Calculate x(-12).
-60
Let n(j) = -10*j**2 - 210*j - 56. Determine n(-17).
624
Let y(x) = 137*x**2 + 577*x - 1724. Calculate y(3).
1240
Let l(h) = -16*h**2 - 17957*h - 265760. What is l(-15)?
-5
Let z(i) = -i**3 + 87*i**2 - 385*i + 4357. Determine z(83).
-42
Let s(g) = -3*g**3 - 8*g**2 + 130*g - 332. Give s(3).
-95
Let f(l) = 4*l**2 + 583*l + 6701. What is f(-133)?
-82
Let y(i) = -2279202*i + 15954422. What is y(7)?
8
Let v(p) = 7*p**2 - 58*p + 174. Give v(-8).
1086
Let b(c) = 31*c**2 + 387*c - 759. Calculate b(2).
139
Let g(r) = -125*r**2 - 1078*r + 391. What is g(-9)?
-32
Let l(g) = -8*g**3 - 33*g**2 + 16*g - 50. What is l(-7)?
965
Let b(l) = -32*l**3 - 382*l**2 - 622*l - 12. Determine b(-10).
8
Let r(u) = 2*u**3 + 5*u**2 - 698*u - 2073. What is r(-3)?
12
Let g(b) = -3990*b - 51815. Determine g(-13).
55
Let t(n) = 7*n**3 - 35*n**2 + 351*n - 1743. Give t(5).
12
Let l(w) = -w**3 - 39*w**2 + 223*w + 4054. What is l(-42)?
-20
Let c(d) = -1566966*d - 7834830. Give c(-5).
0
Let o(s) = 22*s**3 + 641*s**2 + 1281*s + 8. Give o(-2).
-166
Let w(b) = -12*b**2 - 21318*b - 211988. Give w(-10).
-8
Let t(r) = -9*r**2 + 3023*r + 6042. Give t(-2).
-40
Let r(j) = 3*j**3 - 19*j**2 + 420*j - 1717. What is r(4)?
-149
Let m(t) = 3*t**3 + 121*t**2 + 766*t + 25. Give m(-8).
105
Let a(w) = -1485*w - 44467. Give a(-30).
83
Let s(u) = -402*u**2 - 214*u + 432. What is s(2)?
-1604
Let h(s) = -11*s**2 - 62*s + 812. What is h(6)?
44
Let q(n) = -10887*n - 117212. Determine q(-11).
2545
Let u(s) = -1856*s - 68655. What is u(-37)?
17
Let z(s) = -1766*s**2 + 54747*s - 42. Give z(31).
-11
Let o(z) = -z**3 - 17328*z**2 - 2*z + 10. Give o(0).
10
Let n(i) = -35*i**2 + 15161*i + 155110. Give n(-10).
0
Let y(i) = -29106*i + 116355. Calculate y(4).
-69
Let c(x) = -4*x**3 + 20*x**2 + 114*x + 36. What is c(9)?
-234
Let u(j) = 47*j**2 - 69*j - 67. Determine u(-1).
49
Let o(p) = -p**3 + 11*p**2 - 2423*p + 24175. Give o(10).
45
Let g(s) = -4426*s - 4005545. Determine g(-905).
-15
Let k(p) = -p**3 + 430*p**2 + 5354*p - 21901. Give k(442).
199
Let s(d) = -41*d**2 - 1425*d - 7760. Give s(-28).
-4
Let m(k) = -k**3 + 475*k**2 + 5330*k + 8095. Determine m(486).
319
Let j(q) = -523170*q - 9417057. What is j(-18)?
3
Let k(s) = s**3 - 284*s**2 + 534*s - 251. Give k(1).
0
Let b(m) = -2*m**3 - 76*m**2 - 814*m - 13825. Give b(-32).
-65
Let c(o) = o**3 + 134*o**2 - 1038*o + 35599. What is c(-143)?
-8
Let g(z) = 112*z**2 + 10628*z - 1159. Calculate g(-95).
-19
Let l(c) = c**3 - 27*c**2 - 463*c + 373. Give l(-12).
313
Let t(o) = 324477*o + 28878458. Determine t(-89).
5
Let l(g) = 2280*g + 6647. Give l(-3).
-193
Let x(k) = k**3 - 392*k**2 - 29157*k + 1625. Calculate x(-64).
-103
Let d(n) = -n**3 - 18*n**2 + 9799*n + 185818. Give d(-19).
-2
Let t(h) = -8076*h - 129306. What is t(-16)?
-90
Let y(m) = -492*m - 1499. What is y(-5)?
961
Let o(d) = d**3 - 38*d**2 - 5*d + 333. Calculate o(38).
143
Let l(g) = 197*g + 10890. Give l(-57).
-339
Let f(t) = 4*t**3 - 98*t**2 - 526*t + 122. Determine f(29).
6
Let g(x) = x**2 + 43264*x - 129756. Determine g(3).
45
Let i(u) = u**3 + 31*u**2 + 21*u - 309. What is i(-30)?
-39
Let c(y) = -y**3 + 19*y**2 - 32*y - 200. Determine c(7).
164
Let u(p) = 399*p + 14008. Give u(-34).
442
Let s(q) = -15*q**2 + 742*q + 1557. What is s(52)?
-419
Let n(d) = -936*d + 14787. Give n(16).
-189
Let g(l) = 7*l**3 - 311*l**2 + 109*l - 12860. Give g(45).
145
Let x(r) = 36*r**3 + 7*r**2 - 2*r - 175. Calculate x(0).
-175
Let b(a) = -103*a + 1290. What is b(14)?
-152
Let n(q) = 12*q**2 - 641*q + 130. Calculate n(53).
-135
Let f(h) = -3*h**3 + h**2 - 14*h + 288. What is f(0)?
288
Let r(u) = u**2 + 115*u + 1272. Determine r(-21).
-702
Let a(b) = 204706*b - 1432936. Give a(7).
6
Let b(n) = 22*n**2 + 38703*n - 77500. Calculate b(2).
-6
Let n(d) = -3076*d + 842820. Calculate n(274).
-4
Let w(m) = -2810*m - 522660. What is w(-186)?
0
Let o(i) = -22795*i - 91187. Give o(-4).
-7
Let z(c) = -46*c**2 - 83*c - 168. Determine z(-5).
-903
Let k(r) = r**2 - 740*r + 46470. Determine k(671).
171
Let u(i) = i**3 - 178*i**2 + 328*i + 3745. Calculate u(176).
-479
Let t(w) = -3*w**3 + 58*w**2 + 305*w - 9. Give t(-5).
291
Let y(d) = -1165*d + 4794. What is y(4)?
134
Let f(q) = -55462*q - 1497453. Determine f(-27).
21
Let q(z) = -z**3 - 15*z**2 - 84*z - 4674. Give q(0).
-4674
Let d(y) = 3*y**2 - 66*y - 3541. Calculate d(-29).
896
Let t(p) = -5*p**2 - 1143*p + 29336. Give t(23).
402
Let a(p) = -10995*p + 54977. Determine a(5).
2
Let c(b) = -4*b**2 + 154*b + 124. Give c(46).
-1256
Let q(n) = -2*n**3 - 104*n**2 + 520*n + 31760. Calculate q(-51).
38
Let d(w) = -8*w + 1578. What is d(-32)?
1834
Let s(v) = 19777*v - 118607. Calculate s(6).
55
Let h(z) = -2*z**2 + 748*z + 19740. Give h(399).
-210
Let i(v) = -v**3 + 5*v**2 - 8850*v + 44269. Calculate i(5).
19
Let j(p) = 5*p**2 + 850*p + 956. Determine j(-169).
111
Let j(a) = -91*a**2 - 1169*a - 57. Determine j(-13).
-239
Let j(x) = -2*x**3 - 34*x**2 - 117*x - 92. What is j(-13)?
77
Let a(h) = -12679*h + 88736. Determine a(7).
-17
Let l(x) = -x**3 - 173*x**2 - 13357*x - 2183988. Calculate l(-170).
2
Let v(i) = i**2 - 91*i + 2154. Calculate v(46).
84
Let j(t) = 363*t + 9536. Determine j(-27).
-265
Let d(g) = -136*g**3 + g**2 - 725*g - 1450. Calculate d(-2).
1092
Let p(z) = -z**2 + 672*z - 44260. Determine p(74).
-8
Let o(q) = q**3 + 23*q**2 + 3*q - 4. What is o(-27)?
-3001
Let k(x) = 17*x**2 - 2420*x - 14701. Determine k(-6).
431
Let h(w) = 2*w**2 - 620*w + 47338. Give h(136).
10
Let g(n) = 3194*n**2 - 71*n - 16. Give g(1).
3107
Let h(s) = -s**2 - 31842*s + 2521729. Give h(79).
-30
Let m(w) = -w**2 + 188*w - 10151. Determine m(48).
-3431
Let p(q) = -2*q**3 + 124*q**2 + 277*q - 1337. Give p(64).
7
Let p(h) = 6*h**3 - 90*h**2 - 595*h - 94. Calculate p(20).
6
Let z(s) = -s**3 + 9*s**2 + 65*s - 533. What is z(7)?
20
Let o(i) = 2*i**2 + 1568*i - 340198. Give o(-961).
-4
Let g(l) = -72*l**2 + 2211*l + 664. What is g(31)?
13
Let g(a) = 2*a**3 + 372*a**2 - 391*a - 3028. Calculate g(-187).
151
Let y(s) = 8*s**3 - 532*s**2 - 266*s - 206. Calculate y(67).
-72
Let r(q) = -8083*q + 1931831. Give r(239).
-6
Let k(x) = -x**3 + 22*x**2 - 66*x - 714. Determine k(13).
-51
Let f(b) = -40235*b - 281568. Determine f(-7).
77
Let p(y) = -1653*y - 309107. Give p(-187).
4
Let u(g) = 115*g**3 - 27*g**2 + 168*g - 212. Give u(2).
936
Let p(f) = -612*f**2 - 14050*f + 595. Give p(-23).
-3
Let v(y) = -270*y**2 - 2470*y - 7411. Calculate v(-3).
-2431
Let x(i) = 553*i + 390. Calculate x(2).
1496
Let w(v) = v**3 - 413*v**2 - 32196*v - 2420. What is w(-67)?
-8
Let o(z) = z**2 - 4126*z + 16485. Determine o(4).
-3
Let v(o) = -o**3 - 18*o**2 - 27*o + 2. Determine v(0).
2
Let k(l) = 2*l**2 + 772*l - 35782. What is k(-428)?
170
Let d(z) = z**3 + 1309*z**2 - 7984*z + 570. Determine d(6).
6
Let i(x) = x**2 + 111*x - 7149. Calculate i(41).
-917
Let c(s) = 2*s**3 - 22*s**2 + 86*s - 26. Calculate c(4).
94
Let t(r) = -75575*r - 1964949. Give t(-26).
1
Let u(c) = -7*c**2 + 6281*c + 18849. Determine u(-3).
-57
Let b(h) = 2*h**3 + 108*h**2 - 79*h + 69. Determine b(-55).
-1636
Let c(d) = 5*d**3 + 7*d**2 - 62*d + 596. Determine c(7).
2220
Let u(b) = 2*b**3 - 214*b**2 + 444*b - 36